e
Is 2336 a multiple of 32?
True
Is 313 a factor of 92335?
True
Is 137 a factor of 3853?
False
Is 2640 a multiple of 4?
True
Is 10 a factor of 20?
True
Is 20935 a multiple of 43?
False
Does 43 divide 1290?
True
Is 8 a factor of 10576?
True
Is 14 a factor of 10696?
True
Is 411 a multiple of 5?
False
Does 32 divide 4769?
False
Does 58 divide 9299?
False
Is 28800 a multiple of 32?
True
Is 810 a multiple of 9?
True
Is 22 a factor of 418?
True
Is 126 a factor of 1386?
True
Is 92 a factor of 10259?
False
Is 387 a multiple of 12?
False
Is 325 a multiple of 7?
False
Does 11 divide 550?
True
Is 85749 a multiple of 138?
False
Is 61 a factor of 3538?
True
Does 34 divide 41990?
True
Does 98 divide 11466?
True
Is 287 a multiple of 7?
True
Is 4 a factor of 872?
True
Does 11 divide 4370?
False
Is 913 a multiple of 9?
False
Is 144 a multiple of 7?
False
Does 15 divide 32730?
True
Is 14 a factor of 16968?
True
Is 41 a factor of 41?
True
Is 14 a factor of 4102?
True
Is 9 a factor of 46098?
True
Is 59 a factor of 1003?
True
Is 18 a factor of 3852?
True
Is 10 a factor of 1510?
True
Does 7 divide 11424?
True
Does 60 divide 654?
False
Is 10 a factor of 1460?
True
Is 62 a factor of 3085?
False
Is 97 a factor of 49567?
True
Is 4071 a multiple of 59?
True
Is 8217 a multiple of 11?
True
Is 15370 a multiple of 53?
True
Does 8 divide 82?
False
Is 3410 a multiple of 55?
True
Does 16 divide 6385?
False
Is 2045 a multiple of 9?
False
Is 26196 a multiple of 59?
True
Is 19 a factor of 737?
False
Is 11194 a multiple of 58?
True
Does 36 divide 1725?
False
Is 44 a factor of 1086?
False
Does 28 divide 632?
False
Does 15 divide 7289?
False
Is 5971 a multiple of 34?
False
Is 2 a factor of 2131?
False
Is 16 a factor of 5792?
True
Is 2511 a multiple of 72?
False
Is 21 a factor of 17702?
False
Does 20 divide 42320?
True
Is 43 a factor of 4945?
True
Does 199 divide 2899?
False
Is 11 a factor of 283?
False
Is 15 a factor of 435?
True
Does 84 divide 13608?
True
Is 34 a factor of 306?
True
Does 162 divide 28188?
True
Is 18 a factor of 4110?
False
Does 27 divide 9585?
True
Is 30 a factor of 18558?
False
Is 8021 a multiple of 100?
False
Is 9 a factor of 2203?
False
Does 155 divide 2130?
False
Does 152 divide 10944?
True
Does 419 divide 66202?
True
Is 120 a factor of 12874?
False
Is 108490 a multiple of 19?
True
Is 7 a factor of 27846?
True
Is 242 a multiple of 4?
False
Is 682 a multiple of 31?
True
Is 10 a factor of 510?
True
Is 84 a multiple of 17?
False
Is 70 a factor of 2260?
False
Is 6289 a multiple of 26?
False
Does 21 divide 13906?
False
Is 22277 a multiple of 51?
False
Does 20 divide 4140?
True
Does 25 divide 275?
True
Is 50 a factor of 50?
True
Is 3269 a multiple of 30?
False
Is 1143 a multiple of 6?
False
Is 189 a factor of 8351?
False
Does 8 divide 1668?
False
Is 16960 a multiple of 265?
True
Is 8557 a multiple of 17?
False
Is 195 a multiple of 65?
True
Is 14 a factor of 526?
False
Is 1292 a multiple of 34?
True
Is 24795 a multiple of 15?
True
Is 7794 a multiple of 14?
False
Is 350 a multiple of 13?
False
Is 23118 a multiple of 61?
False
Does 36 divide 3888?
True
Does 92 divide 9384?
True
Does 84 divide 8902?
False
Is 145 a factor of 11151?
False
Does 23 divide 371?
False
Is 11 a factor of 3256?
True
Does 52 divide 14252?
False
Does 31 divide 4520?
False
Does 10 divide 380?
True
Does 38 divide 1444?
True
Is 5 a factor of 5?
True
Is 18 a factor of 3510?
True
Does 2 divide 195?
False
Is 65 a factor of 1441?
False
Does 14 divide 7546?
True
Is 3740 a multiple of 68?
True
Does 86 divide 4558?
True
Is 3 a factor of 2426?
False
Is 493 a multiple of 29?
True
Is 4 a factor of 1084?
True
Does 193 divide 76352?
False
Is 269 a multiple of 59?
False
Is 23 a multiple of 8?
False
Is 27 a factor of 9695?
False
Is 6 a factor of 498?
True
Is 18 a factor of 3805?
False
Does 89 divide 7620?
False
Does 2 divide 339?
False
Does 155 divide 5026?
False
Does 14 divide 17126?
False
Does 12 divide 73651?
False
Does 5 divide 900?
True
Is 34443 a multiple of 89?
True
Is 28523 a multiple of 124?
False
Does 9 divide 784?
False
Is 13135 a multiple of 71?
True
Does 20 divide 2060?
True
Is 103 a multiple of 8?
False
Is 48 a factor of 904?
False
Is 3239 a multiple of 41?
True
Does 117 divide 3113?
False
Does 10 divide 122?
False
Is 2015 a multiple of 13?
True
Is 19960 a multiple of 36?
False
Is 43420 a multiple of 167?
True
Is 1854 a multiple of 33?
False
Does 11 divide 2794?
True
Is 16 a factor of 1581?
False
Is 7124 a multiple of 52?
True
Is 1911 a multiple of 21?
True
Is 79 a multiple of 2?
False
Is 362 a multiple of 6?
False
Does 5 divide 2358?
False
Is 5 a factor of 24860?
True
Does 49 divide 28371?
True
Is 1764 a multiple of 21?
True
Is 8 a factor of 211?
False
Does 22 divide 5493?
False
Is 5 a factor of 16235?
True
Does 175 divide 38959?
False
Is 30597 a multiple of 14?
False
Is 16 a factor of 3312?
True
Is 1027 a multiple of 17?
False
Does 13 divide 932?
False
Does 20 divide 38?
False
Is 26 a factor of 66846?
True
Is 276 a multiple of 69?
True
Is 23 a factor of 4875?
False
Is 424 a multiple of 53?
True
Is 570 a multiple of 10?
True
Is 5 a factor of 498?
False
Is 2205 a multiple of 21?
True
Does 17 divide 5270?
True
Is 40 a factor of 720?
True
Is 12 a factor of 552?
True
Is 484 a multiple of 63?
False
Is 2528 a multiple of 13?
False
Is 7 a factor of 24852?
False
Does 8 divide 87216?
True
Is 20644 a multiple of 23?
False
Is 92 a factor of 3496?
True
Does 31 divide 7347?
True
Is 37 a factor of 6623?
True
Is 4401 a multiple of 25?
False
Is 85 a multiple of 17?
True
Is 45046 a multiple of 223?
True
Is 609 a multiple of 23?
False
Does 13 divide 128?
False
Is 6505 a multiple of 8?
False
Is 12 a factor of 1068?
True
Does 67 divide 11022?
False
Is 1904 a multiple of 8?
True
Does 2 divide 168?
True
Is 159 a factor of 27348?
True
Is 12447 a multiple of 22?
False
Is 59284 a multiple of 13?
False
Does 107 divide 19367?
True
Does 65 divide 1300?
True
Is 3599 a multiple of 80?
False
Is 17182 a multiple of 11?
True
Is 32 a factor of 21728?
True
Is 70 a multiple of 10?
True
Is 10424 a multiple of 10?
False
Is 46 a factor of 137?
False
Is 180 a multiple of 36?
True
Is 65 a factor of 6227?
False
Is 16 a factor of 528?
True
Is 3510 a multiple of 13?
True
Is 200 a multiple of 25?
True
Does 14 divide 4138?
False
Is 22 a factor of 23745?
False
Is 10569 a multiple of 32?
False
Is 15398 a multiple of 31?
False
Does 29 divide 408?
False
Does 4 divide 500?
True
Is 9 a factor of 1780?
False
Is 782 a multiple of 21?
False
Is 7 a factor of 925?
False
Does 110 divide 40480?
True
Does 27 divide 9719?
False
Is 592 a multiple of 74?
True
Is 604 a multiple of 4?
True
Is 2156 a multiple of 11?
True
Is 4761 a multiple of 16?
False
Is 29 a factor of 25072?
False
Does 189 divide 73521?
True
Is 52 a factor of 17442?
False
Is 4917 a multiple of 12?
False
Is 6 a factor of 8?
False
Does 32 divide 1984?
True
Is 77448 a multiple of 168?
True
Is 2380 a multiple of 14?
True
Is 213 a factor of 10863?
True
Is 73 a factor of 1229?
False
Is 8134 a multiple of 49?
True
Does 20 divide 31266?
False
Does 54 divide 45792?
True
Does 2 divide 1626?
True
Is 62856 a multiple of 12?
True
Is 31050 a multiple of 23?
True
Does 150 divide 10800?
True
Is 13 a factor of 403?
True
Is 2418 a multiple of 87?
False
Is 84 a factor of 2772?
True
Is 37 a factor of 13690?
True
Does 15 divide 11291?
False
Is 16 a factor of 1264?
True
Is 820 a multiple of 20?
True
Does 6 divide 18?
True
Is 4067 a multiple of 7?
True
Is 12709 a multiple of 37?
False
Is 59 a factor of 472?
True
Is 17 a multiple of 5?
False
Is 4 a factor of 224?
True
Does 22 divide 696?
False
Does 74 divide 14948?
True
Does 4 divide 29?
False
Does 100 divide 2195?
False
Is 418 a multiple of 5?
False
Is 16 a factor of 9198?
False
Is 3 a factor of 14994?
True
Is 12390 a multiple of 5?
True
Does 12 divide 926?
False
Does 11 divide 44305?
False
Does 8 divide 1629?
False
Is 15 a factor of 3135?
True
Does 61 divide 54168?
True
Does 5 divide 215?
True
Is 13 a factor of 4030?
True
Is 7 a factor of 210?
True
Is 372 a multiple of 46?
False
Is 1845 a multiple of 32?
False
Is 2172 a multiple of 6?
True
Is 14 a factor of 414?
False
Is 171 a factor of 8499?
False
Is 192 a factor of 6336?
True
Is 135 a multiple of 15?
True
Is 41